{"id":163,"date":"2020-01-23T00:53:04","date_gmt":"2020-01-23T00:53:04","guid":{"rendered":"http:\/\/janeotiniano.com\/?page_id=163"},"modified":"2020-01-23T00:53:05","modified_gmt":"2020-01-23T00:53:05","slug":"politica-de-cookies","status":"publish","type":"page","link":"https:\/\/janeoti.com\/?page_id=163","title":{"rendered":"Pol\u00edtica de cookies"},"content":{"rendered":"<p><br>\n<!--StartFragment--><\/p>\n\n\n<p><strong>Pol\u00edtica de Cookies<\/strong><\/p>\n\n\n\n<p>Cookie es un fichero que se descarga en su ordenador al acceder a \ndeterminadas p\u00e1ginas web. Las cookies permiten a una p\u00e1gina web, entre \notras cosas, almacenar y recuperar informaci\u00f3n sobre los h\u00e1bitos de \nnavegaci\u00f3n de un usuario o de su equipo y, dependiendo de la informaci\u00f3n\n que contengan y de la forma en que utilice su equipo, pueden utilizarse\n para reconocer al usuario.<\/p>\n\n\n\n<p>El navegador del usuario memoriza cookies en el disco duro solamente \ndurante la sesi\u00f3n actual ocupando un espacio de memoria m\u00ednimo y no \nperjudicando al ordenador. Las cookies no contienen ninguna clase de \ninformaci\u00f3n personal espec\u00edfica, y la mayor\u00eda de las mismas se borran \ndel disco duro al finalizar la sesi\u00f3n de navegador (las denominadas \ncookies de sesi\u00f3n).<\/p>\n\n\n\n<p>La mayor\u00eda de los navegadores aceptan como est\u00e1ndar a las cookies y, \ncon independencia de las mismas, permiten o impiden en los ajustes de \nseguridad las cookies temporales o memorizadas.<\/p>\n\n\n\n<p>Sin su expreso consentimiento \u2013mediante la activaci\u00f3n de las cookies \nen su navegador\u2013 romualdfons.com no enlazar\u00e1 en las cookies los datos \nmemorizados con sus datos personales proporcionados en el momento del \nregistro o la compra..<\/p>\n\n\n\n<h3 class=\"wp-block-heading\"><strong>\u00bfQu\u00e9 tipos de cookies utiliza esta p\u00e1gina web?<\/strong><\/h3>\n\n\n\n<p><strong>Cookies t\u00e9cnicas<\/strong>: Son aqu\u00e9llas que permiten al usuario la navegaci\u00f3n a trav\u00e9s de una p\u00e1gina web, plataforma o aplicaci\u00f3n y la utilizaci\u00f3n de las<\/p>\n\n\n\n<p>diferentes opciones o servicios que en ella existan como, por \nejemplo, controlar el tr\u00e1fico y la comunicaci\u00f3n de datos, identificar la\n sesi\u00f3n, acceder a partes de acceso restringido, recordar los elementos \nque integran un pedido, realizar el proceso de compra de un pedido, \nrealizar la solicitud de inscripci\u00f3n o participaci\u00f3n en un evento, \nutilizar elementos de seguridad durante la navegaci\u00f3n, almacenar \ncontenidos para la difusi\u00f3n de videos o sonido o compartir contenidos a \ntrav\u00e9s de redes sociales.<\/p>\n\n\n\n<p><strong>Cookies de personalizaci\u00f3n<\/strong>: Son aqu\u00e9llas que permiten al \nusuario acceder al servicio con algunas caracter\u00edsticas de car\u00e1cter \ngeneral predefinidas en funci\u00f3n de una serie de criterios en el terminal\n del<\/p>\n\n\n\n<p>usuario como por ejemplo serian el idioma, el tipo de navegador a \ntrav\u00e9s del cual accede al servicio, la configuraci\u00f3n regional desde \ndonde accede al servicio, etc.<\/p>\n\n\n\n<p><strong>Cookies de an\u00e1lisis<\/strong>: Son aqu\u00e9llas que bien tratadas por \nnosotros o por terceros, nos permiten cuantificar el n\u00famero de usuarios y\n as\u00ed realizar la medici\u00f3n y an\u00e1lisis estad\u00edstico de la utilizaci\u00f3n que \nhacen los usuarios del servicio ofertado. Para ello se analiza su \nnavegaci\u00f3n en nuestra p\u00e1gina web con el fin de mejorar la oferta de \nproductos o servicios que le ofrecemos.<\/p>\n\n\n\n<p><strong>Cookies publicitarias<\/strong>: Son aqu\u00e9llas que, bien tratadas por \nnosotros o por terceros, nos permiten gestionar de la forma m\u00e1s eficaz \nposible la oferta de los espacios publicitarios que hay en la p\u00e1gina \nweb, adecuando el contenido del anuncio al contenido del servicio \nsolicitado o al uso que realice de nuestra p\u00e1gina web.&nbsp;Para ello podemos\n analizar sus h\u00e1bitos de navegaci\u00f3n en Internet y podemos mostrarle \npublicidad relacionada con su perfil de navegaci\u00f3n.<\/p>\n\n\n\n<p><strong>Cookies de publicidad comportamental<\/strong>: Son aqu\u00e9llas que \npermiten la gesti\u00f3n, de la forma m\u00e1s eficaz posible, de los espacios \npublicitarios que, en su caso, el editor haya incluido en una p\u00e1gina \nweb, aplicaci\u00f3n o plataforma desde la que presta el servicio solicitado.\n Estas cookies almacenan informaci\u00f3n del comportamiento de los usuarios \nobtenida a trav\u00e9s de la observaci\u00f3n continuada de sus h\u00e1bitos de \nnavegaci\u00f3n, lo que permite desarrollar un perfil espec\u00edfico para mostrar\n publicidad en funci\u00f3n del mismo.<\/p>\n\n\n\n<p><strong>Cookies de terceros<\/strong>: La Web de brandstuffs.com puede  utilizar servicios de terceros que, por cuenta de Google, recopilaran  informaci\u00f3n con fines estad\u00edsticos, de uso del Site por parte del  usuario y para la prestacion de otros servicios relacionados con la  actividad del Website y otros servicios de Internet.<\/p>\n\n\n\n<p>En particular, este sitio Web utiliza Google Analytics, un servicio \nanal\u00edtico de web prestado por Google, Inc. con domicilio en los Estados \nUnidos con sede central en 1600 Amphitheatre Parkway, Mountain View, \nCalifornia 94043. &nbsp;Para la prestaci\u00f3n de estos servicios, estos utilizan\n cookies que recopilan la informaci\u00f3n, incluida la direcci\u00f3n IP del \nusuario, que ser\u00e1 transmitida, tratada y almacenada por Google en los \nt\u00e9rminos fijados en la Web Google.com. Incluyendo la posible transmisi\u00f3n\n de dicha informaci\u00f3n a terceros por razones de exigencia legal o cuando\n dichos terceros procesen la informaci\u00f3n por cuenta de Google.<\/p>\n\n\n\n<p>El Usuario acepta expresamente, por la utilizaci\u00f3n de este Site, el \ntratamiento de la informaci\u00f3n recabada en la forma y con los fines \nanteriormente mencionados. Y asimismo reconoce conocer la posibilidad de\n rechazar el tratamiento de tales datos o informaci\u00f3n rechazando el uso \nde Cookies mediante la selecci\u00f3n de la configuraci\u00f3n apropiada a tal fin\n en su navegador. Si bien esta opci\u00f3n de bloqueo de Cookies en su \nnavegador puede no permitirle el uso pleno de todas las funcionalidades \ndel Website.<\/p>\n\n\n\n<p>Puede usted permitir, bloquear o eliminar las cookies instaladas en \nsu equipo mediante la configuraci\u00f3n de las opciones del navegador \ninstalado en su ordenador:<\/p>\n\n\n\n<p><a href=\"https:\/\/support.google.com\/chrome\/bin\/answer.py?hl=es&amp;answer=95647\" target=\"_blank\" rel=\"noreferrer noopener\">Chrome<\/a><\/p>\n\n\n\n<p><a href=\"http:\/\/windows.microsoft.com\/es-es\/windows7\/how-to-manage-cookies-in-internet-explorer-9\" target=\"_blank\" rel=\"noreferrer noopener\">Explorer<\/a><\/p>\n\n\n\n<p><a href=\"https:\/\/support.mozilla.org\/es\/kb\/habilitar-y-deshabilitar-cookies-que-los-sitios-we\" target=\"_blank\" rel=\"noreferrer noopener\">Firefox<\/a><a href=\"https:\/\/support.apple.com\/kb\/ph21411?locale=es_ES\" target=\"_blank\" rel=\"noreferrer noopener\">Safari<\/a><\/p>\n\n\n\n<p>Si tiene dudas sobre esta pol\u00edtica de cookies, puede contactar con janeotiniano.com en inf@janeotiniano.com.<\/p>\n\n\n<p><!--EndFragment--><br>\n<br>\n<\/p>","protected":false},"excerpt":{"rendered":"<p>Pol\u00edtica de Cookies Cookie es un fichero que se descarga en su ordenador al acceder a determinadas p\u00e1ginas web. Las cookies permiten a una p\u00e1gina web, entre otras cosas, almacenar y recuperar informaci\u00f3n sobre los h\u00e1bitos de navegaci\u00f3n de un usuario o de su equipo y, dependiendo de la informaci\u00f3n que contengan y de la [&hellip;]<\/p>\n","protected":false},"author":1,"featured_media":0,"parent":0,"menu_order":0,"comment_status":"closed","ping_status":"closed","template":"","meta":{"om_disable_all_campaigns":false,"_monsterinsights_skip_tracking":false,"_monsterinsights_sitenote_active":false,"_monsterinsights_sitenote_note":"","_monsterinsights_sitenote_category":0,"footnotes":""},"class_list":["post-163","page","type-page","status-publish","hentry"],"_links":{"self":[{"href":"https:\/\/janeoti.com\/index.php?rest_route=\/wp\/v2\/pages\/163","targetHints":{"allow":["GET"]}}],"collection":[{"href":"https:\/\/janeoti.com\/index.php?rest_route=\/wp\/v2\/pages"}],"about":[{"href":"https:\/\/janeoti.com\/index.php?rest_route=\/wp\/v2\/types\/page"}],"author":[{"embeddable":true,"href":"https:\/\/janeoti.com\/index.php?rest_route=\/wp\/v2\/users\/1"}],"replies":[{"embeddable":true,"href":"https:\/\/janeoti.com\/index.php?rest_route=%2Fwp%2Fv2%2Fcomments&post=163"}],"version-history":[{"count":1,"href":"https:\/\/janeoti.com\/index.php?rest_route=\/wp\/v2\/pages\/163\/revisions"}],"predecessor-version":[{"id":164,"href":"https:\/\/janeoti.com\/index.php?rest_route=\/wp\/v2\/pages\/163\/revisions\/164"}],"wp:attachment":[{"href":"https:\/\/janeoti.com\/index.php?rest_route=%2Fwp%2Fv2%2Fmedia&parent=163"}],"curies":[{"name":"wp","href":"https:\/\/api.w.org\/{rel}","templated":true}]}}